108.
107
Calculate the remainder when 14 is divided by 9.
5
Calculate the remainder when 139 is divided by 122.
17
What is the remainder when 208 is divided by 43?
36
What is the remainder when 215 is divided by 63?
26
Calculate the remainder when 34 is divided by 9.
7
What is the remainder when 108 is divided by 72?
36
What is the remainder when 44 is divided by 22?
0
Calculate the remainder when 172 is divided by 30.
22
Calculate the remainder when 59 is divided by 15.
14
What is the remainder when 145 is divided by 16?
1
What is the remainder when 922 is divided by 37?
34
Calculate the remainder when 54 is divided by 36.
18
Calculate the remainder when 4473 is divided by 16.
9
What is the remainder when 146 is divided by 74?
72
Calculate the remainder when 1909 is divided by 29.
24
What is the remainder when 1815 is divided by 166?
155
Calculate the remainder when 71 is divided by 18.
17
Calculate the remainder when 490 is divided by 38.
34
Calculate the remainder when 102 is divided by 52.
50
Calculate the remainder when 7751 is divided by 17.
16
What is the remainder when 999 is divided by 99?
9
What is the remainder when 1608 is divided by 49?
40
Calculate the remainder when 185 is divided by 9.
5
What is the remainder when 200 is divided by 36?
20
Calculate the remainder when 65 is divided by 17.
14
What is the remainder when 136 is divided by 63?
10
What is the remainder when 1191 is divided by 47?
16
Calculate the remainder when 261 is divided by 38.
33
Calculate the remainder when 3413 is divided by 5.
3
Calculate the remainder when 2742 is divided by 455.
12
What is the remainder when 862 is divided by 17?
12
What is the remainder when 93 is divided by 16?
13
What is the remainder when 242 is divided by 33?
11
What is the remainder when 6979 is divided by 72?
67
What is the remainder when 22 is divided by 9?
4
What is the remainder when 138 is divided by 28?
26
What is the remainder when 356 is divided by 9?
5
What is the remainder when 1325 is divided by 28?
9
What is the remainder when 2326 is divided by 572?
38
What is the remainder when 3239 is divided by 20?
19
What is the remainder when 878 is divided by 176?
174
What is the remainder when 409 is divided by 191?
27
What is the remainder when 393 is divided by 66?
63
Calculate the remainder when 6235 is divided by 63.
61
Calculate the remainder when 186 is divided by 17.
16
Calculate the remainder when 168 is divided by 74.
20
Calculate the remainder when 259 is divided by 76.
31
Calculate the remainder when 72 is divided by 2.
0
Calculate the remainder when 752 is divided by 69.
62
What is the remainder when 2563 is divided by 15?
13
Calculate the remainder when 120 is divided by 22.
10
What is the remainder when 1314 is divided by 40?
34
Calculate the remainder when 22 is divided by 12.
10
Calculate the remainder when 267 is divided by 92.
83
Calculate the remainder when 7 is divided by 1.
0
What is the remainder when 423 is divided by 33?
27
What is the remainder when 1679 is divided by 29?
26
Calculate the remainder when 385 is divided by 9.
7
What is the remainder when 10733 is divided by 79?
68
What is the remainder when 1018 is divided by 146?
142
Calculate the remainder when 3847 is divided by 8.
7
What is the remainder when 50 is divided by 12?
2
Calculate the remainder when 1277 is divided by 21.
17
Calculate the remainder when 63 is divided by 24.
15
What is the remainder when 18 is divided by 13?
5
Calculate the remainder when 1234 is divided by 22.
2
What is the remainder when 799 is divided by 81?
70
Calculate the remainder when 1330 is divided by 31.
28
What is the remainder when 86 is divided by 61?
25
What is the remainder when 1448 is divided by 44?
40
What is the remainder when 6939 is divided by 124?
119
Calculate the remainder when 272 is divided by 56.
48
Calculate the remainder when 137 is divided by 10.
7
Calculate the remainder when 579 is divided by 40.
19
What is the remainder when 119 is divided by 11?
9
What is the remainder when 2338 is divided by 117?
115
What is the remainder when 2719 is divided by 101?
93
Calculate the remainder when 492 is divided by 31.
27
Calculate the remainder when 2251 is divided by 104.
67
Calculate the remainder when 163 is divided by 32.
3
Calculate the remainder when 463 is divided by 179.
105
What is the remainder when 74 is divided by 16?
10
Calculate the remainder when 513 is divided by 95.
38
What is the remainder when 643 is divided by 59?
53
Calculate the remainder when 157 is divided by 83.
74
Calculate the remainder when 140 is divided by 124.
16
What is the remainder when 219 is divided by 114?
105
What is the remainder when 79 is divided by 61?
18
Calculate the remainder when 2467 is divided by 65.
62
Calculate the remainder when 237 is divided by 228.
9
Calculate the remainder when 4253 is divided by 23.
21
Calculate the remainder when 3235 is divided by 360.
355
What is the remainder when 101 is divided by 7?
3
What is the remainder when 765 is divided by 96?
93
Calculate the remainder when 327 is divided by 315.
12
Calculate the remainder when 1588 is divided by 264.
4
What is the remainder when 55 is divided by 29?
26
Calculate the remainder when 12 is divided by 1.
0
Calculate the remainder when 735 is divided by 19.
13
What is the remainder when 86 is divided by 23?
17
What is the remainder when 1613 is divided by 511?
80
Calculate the remainder when 367 is divided by 57.
25
What is the remainder when 6628 is divided by 83?
71
Calculate the remainder when 5417 is divided by 95.
2
Calculate the remainder when 2534 is divided by 42.
14
What is the remainder when 107 is divided by 60?
47
What is the remainder when 146 is divided by 65?
16
Calculate the remainder when 732 is divided by 280.
172
What is the remainder when 2777 is divided by 95?
22
Calculate the remainder when 41 is divided by 12.
5
What is the remainder when 433 is divided by 166?
101
What is the remainder when 144 is divided by 38?
30
Calculate the remainder when 934 is divided by 135.
124
What is the remainder when 1641 is divided by 50?
41
What is the remainder when 6297 is divided by 70?
67
Calculate the remainder when 1943 is divided by 28.
11
What is the remainder when 5255 is divided by 19?
11
Calculate the remainder when 226 is divided by 32.
2
What is the remainder when 509 is divided by 10?
9
Calculate the remainder when 27511 is divided by 76.
75
What is the remainder when 1798 is divided by 51?
13
What is the remainder when 655 is divided by 50?
5
What is the remainder when 139 is divided by 29?
23
What is the remainder when 115 is divided by 16?
3
Calculate the remainder when 187 is divided by 47.
46
Calculate the remainder when 1789 is divided by 138.
133
What is the remainder when 604 is divided by 88?
76
What is the remainder when 85 is divided by 44?
41
What is the remainder when 493 is divided by 74?
49
Calculate the remainder when 357 is divided by 30.
27
Calculate the remainder when 137 is divided by 4.
1
What is the remainder when 237 is divided by 17?
16
What is the remainder when 355 is divided by 79?
39
What is the remainder when 335 is divided by 11?
5
Calculate the remainder when 39 is divided by 27.
12
Calculate the remainder when 450 is divided by 53.
26
What is the remainder when 1718 is divided by 294?
248
What is the remainder when 670 is divided by 168?
166
Calculate the remainder when 58 is divided by 30.
28
Calculate the remainder when 287 is divided by 62.
39
Calculate the remainder when 1639 is divided by 191.
111
Calculate the remainder when 169 is divided by 126.
43
Calculate the remainder when 5408 is divided by 129.
119
What is the remainder when 1142 is divided by 7?
1
What is the remainder when 527 is divided by 9?
5
What is the remainder when 778 is divided by 10?
8
Calculate the remainder when 552 is divided by 74.
34
Calculate the remainder when 44 is divided by 17.
10
Calculate the remainder when 34 is divided by 4.
2
What is the remainder when 626 is divided by 10?
6
What is the remainder when 946 is divided by 13?
10
Calculate the remainder when 2278 is divided by 24.
22
What is the remainder when 817 is divided by 2?
1
Calculate the remainder when 249 is divided by 11.
7
What is the rema